se 12*o - 13*o = 1472. Let x = -911 - o. What is the hundreds digit of x?
5
Let c(f) = -78*f - 247. Suppose -b + 0*b = 2*o + 33, 5*o + 84 = -4*b. What is the thousands digit of c(o)?
1
Let n(j) = -j**2 + 11*j - 23. Let p be n(8). What is the units digit of (3 - (p - 5/(-5))) + 281?
2
Let n(s) = 205*s**2 + 168*s - 1464. What is the units digit of n(9)?
3
Suppose b + 32 = 4*p - p, 0 = -2*p - b + 23. Let u(s) = -p*s - 33 + 4 - 2*s. What is the tens digit of u(-4)?
2
Let i = -1431 - -5350. What is the thousands digit of i?
3
Let b(h) = 277*h**3 + 29*h**2 + 6*h - 3. What is the hundreds digit of b(3)?
7
Let b = -225 - 260. Let h = 906 + b. What is the tens digit of h?
2
Let q be (3/(-2))/((-36)/(-120)) + 668. Suppose 0 = -12*t + 837 + q. What is the units digit of t?
5
Suppose 215721 = 128*i - 420311. What is the thousands digit of i?
4
Let c(s) = -s**3 - 4*s**2 + 37*s + 10. Let b be c(-10). What is the hundreds digit of 264752/b + (-2)/15?
1
Suppose 4*y = -2*i + 6600, -4*i = 4*y + 2558 - 15762. What is the tens digit of i?
0
Suppose -4*x + 3588 = 964. Let p = x + -239. What is the tens digit of p?
1
Let t(i) = 205*i - 53. Let f be t(-6). Let l = -912 - f. What is the hundreds digit of l?
3
Let b be -3 + 5 - (2 + (2 - 4)). Let m(s) = 91*s**3 + 3*s**2 - 10*s + 2. What is the hundreds digit of m(b)?
7
Let b = -10263 + 23782. What is the hundreds digit of b?
5
Let x(h) = h - 12. Let p be x(8). Let a be 78 + 1*(p - -5). Let r = a + -75. What is the units digit of r?
4
Let o(b) = 3*b**2 + 16*b + 46. Let x be o(-14). Suppose x*n - 407*n - 921 = 0. What is the tens digit of n?
0
Let y be (1*(-1 - 0))/(1/(-49)). Let r = y + -45. Suppose 0 = r*s + 2*u - 20, -s - 31 = -6*s - u. What is the units digit of s?
7
Let u be 2/10 - 74/(-5). Let a = 12 - u. What is the units digit of a/(-9)*(-3 - (-222 - 3))?
4
What is the hundreds digit of 5 - (32050/(-8))/(-3*14/(-168))?
0
Let z be ((-6)/(-4))/((-15)/(-40)). Suppose z*u - b = 1674, 2*u - 594 = -4*b + 252. What is the tens digit of u?
1
Let j be 6/24 - (-1)/(-4). Suppose j = 2*s + 7*s - 1206. Let c = s - 60. What is the tens digit of c?
7
Suppose 0 = -j + 4*p + 3953 + 3538, 4*p = 2*j - 15010. What is the thousands digit of j?
7
Suppose 4*f = -0*f + 1216. Suppose -6*l + 2*l = f. Let t = l + 130. What is the units digit of t?
4
Let w be 8 + 195/(-24) - (-11202)/16. Suppose 11*j - w = 13*j. Let k = -244 - j. What is the hundreds digit of k?
1
Suppose 0 = 3*d + 11*j - 6*j - 7644, 0 = -4*d + j + 10192. What is the tens digit of d?
4
Suppose 2*n - 76 = -3*g, -4*n - g = -3*n - 40. Let o = 45 - n. What is the tens digit of o - (-1 - (83 - -1))?
8
What is the hundreds digit of (-71198)/(-7) + 108/(-756)?
1
Let f be 6/45 - (-3561)/(-45). Let u = f - -942. What is the units digit of u?
3
Suppose 0 = -3*q - 0*q - 2*h + 174, -3*h = 4*q - 232. Let i = q - -550. What is the tens digit of i?
0
Suppose 0 = -2*d + 174 - 86 - 56. Suppose 0 = 3*q - 7 + 1. Suppose d*k - q*k - 2464 = 0. What is the tens digit of k?
7
Let f = 4029 + 14595. What is the hundreds digit of f?
6
Let x(k) = -k**2 - 13*k + 16. Let o be x(-14). Suppose 0 = -f + i + 9, -o*f - 12 = -0*i + 4*i. What is the tens digit of 73 - 3 - -3 - f?
6
Let w = -82 + -5. Let g = w - -177. Let c = g + 165. What is the tens digit of c?
5
Let t = 372 + -384. What is the units digit of (-74 - 2)*45/t - -5?
0
Let s(d) be the third derivative of d**7/840 + d**6/360 - d**5/30 - d**3/2 - 11*d**2. Let k(y) be the first derivative of s(y). What is the units digit of k(2)?
4
Let r(m) = -1411*m + 8170. What is the thousands digit of r(-15)?
9
Let r be -5 + (-3 + 10 - -1). Suppose -4*j = -r*v + 6, -5*v + 2*j + 10 = -0*v. Suppose -v*u + 7*u - 430 = 0. What is the tens digit of u?
8
Let h be (7 - (0 + 0))*1. What is the units digit of (-8)/28 - (-6036)/h?
2
What is the hundreds digit of 253/(-23) + 10 + -1 - -25409?
4
Suppose -4*m - 8 = -40. Let h be ((-4)/m)/((-1)/12) + -2. Suppose -6*s = -h*s - 166. What is the units digit of s?
3
Suppose -276 = -23*t + 69. Suppose -12*n - 4530 = -t*n - k, -5*k = 2*n - 3020. What is the tens digit of n?
1
Let l(q) = -4*q**3 - 14*q**2 + 208*q - 75. What is the hundreds digit of l(-19)?
3
Let h = 290 + -334. Let w = 63 - h. What is the tens digit of w?
0
Suppose 13*x - 53422 + 16957 = 0. What is the thousands digit of x?
2
Let u(f) = -4*f**3 - 26*f**2 - 91*f - 2341. What is the hundreds digit of u(-22)?
6
Suppose -164 + 137 = -9*a. What is the thousands digit of (-833)/98*a/(6/(-344))?
1
Let d(w) = 977*w**2 - 550*w - 2720. What is the thousands digit of d(-5)?
4
Suppose -g + 4*f + 26624 = 0, -3*g + f + 94366 = 14549. What is the hundreds digit of g?
6
Let d(g) = -2*g**2 + 26*g + 4. Let a be d(13). Suppose -2*c + a*c = -3*c. Suppose 2*h - 4*l - 22 = c, -2*h + 32 = h - 5*l. What is the units digit of h?
9
Suppose 0 = -3*r - 4*t + 21619 + 2875, 5*r - 40827 = -3*t. What is the thousands digit of r?
8
Suppose -4*a = 5*h - 179 - 841, -4*h - 3*a = -815. Let t = 724 - h. What is the hundreds digit of t?
5
Suppose -6*z + 457 + 257 = 0. Let v = z + 539. What is the tens digit of v?
5
Let j = 9396 + -2372. What is the hundreds digit of j?
0
Suppose i = 4*j - 17, 3*i - 9 = -3*j + 5*i. What is the hundreds digit of 210/(-350) - (-2888)/j?
5
Let m(t) = 4*t + 74. Let j be m(-18). Suppose 0 = -j*f - 5*s + 717, -2*f = 4*s - 3*s - 713. What is the hundreds digit of f?
3
Let i(j) = -3105*j - 4074. What is the tens digit of i(-4)?
4
Suppose -18*p = -7*p - 72864. Suppose -13*h = -14046 - p. What is the thousands digit of h?
1
Suppose 10*q + 40*q + 1600 = 0. Suppose v - 51 = 2*v - m, -4*m = 2*v + 126. Let k = q - v. What is the tens digit of k?
2
Let f be 18540/(-40)*(8/(-6))/1. Suppose -2*i = -5*y - 2050, 4*i - 3*y = 4704 - f. What is the tens digit of i?
2
Let a(x) = 167*x + 272. What is the hundreds digit of a(5)?
1
Let f(z) = z**3 - 5*z**2 + 4*z - 5. Let u be f(5). Let r be (30/24 - 2)/(2/(-8)). What is the tens digit of (r - u)*124/8*-1?
8
Let p(t) = -33*t**3 + 3*t**2 + 8*t + 17. Let l be p(-6). Suppose 0 = 15*y - 5380 - l. What is the tens digit of y?
3
Let u(l) = 5132*l**2 + 14*l - 75. What is the tens digit of u(3)?
5
Let s = 6765 + -3310. What is the thousands digit of s?
3
Suppose 8*u - 80161 = 58804 + 57275. What is the ten thousands digit of u?
2
Suppose -6*i = -9*i - 6. Let v be (i/12)/(10/80)*-552. Suppose 2*o + 3*d = 370, -o = 3*o + 5*d - v. What is the tens digit of o?
7
Let k(f) = -f**3 - 3*f**2 + 5. Let v be k(-3). Suppose v*m = 3*w + 375, -6*m + 365 = -m - w. What is the tens digit of m?
7
Suppose -5*w = -4*w + h - 4, w - 2*h = 7. Suppose q + 5*n = 3 - 31, 4*n = -w*q - 56. What is the units digit of (3*(-2)/(-3))/(q/(-104))?
6
Let z(o) = 9*o + o + 23 - 7*o. Let u be z(-6). Suppose -b = -u*f + 12, -b = -2*b - 2*f + 23. What is the units digit of b?
3
Let u(a) = 1200*a**3 + 3*a**2 + 9*a - 4. What is the thousands digit of u(3)?
2
Let u = -1889 - -3346. What is the tens digit of u?
5
Let q(t) = -t**3 + t. Let o(c) = 4*c**3 - 7*c**2 + c + 15. Let b(s) = o(s) + q(s). Let w = -477 - -482. What is the hundreds digit of b(w)?
2
Suppose 10*u - 3*j + 11 = 15*u, 2*u = 5*j - 8. What is the tens digit of 2 - (-88 + (2 - u) - -1)?
8
Let t(r) = 356*r**2 + 21*r - 14. What is the thousands digit of t(-5)?
8
Let i(r) = -13*r + 5. Let p = -10 - 1. Let g(y) = 7*y - 3. Let a(w) = p*g(w) - 6*i(w). What is the units digit of a(-1)?
2
Suppose -2*u + 208322 = 10*y - 6*y, -u = 5*y - 260404. What is the ten thousands digit of y?
5
What is the ten thousands digit of (-1 + (24077 - 35/(-7)))*1?
2
Let x(o) = o**3 - 11*o**2 - 11*o - 101. What is the tens digit of x(19)?
7
Let u(v) = -8*v**2 + 2*v - 2. Let m be u(1). Let n be -6*4/m - (-5 + 1). What is the tens digit of n - 9 - 142/(-2)?
6
Suppose -95*u - 3126 = -96*u - 4*m, -u + 3125 = 5*m. Let w = -2056 + u. What is the units digit of w?
4
Suppose 0 = 50*j - 59*j + 468. Let h = 656 + j. What is the tens digit of h?
0
Suppose 5*o = -7*o - 72. Let p(z) = -z**2 - 4*z + 14. Let q be p(o). Suppose 3*i + q*i - 590 = 0. What is the hundreds digit of i?
1
Suppose 2*h = o - 33409, 0 = 5*o - 33*h + 32*h - 167081. What is the ten thousands digit of o?
3
Let a(x) = -5*x + 46. Let r be a(7). Suppose -r*i + 4694 = -5723. What is the hundreds digit of i